= -3*u, -8 = 5*u - 3*u - 5*q. Let s = u + 8. Suppose -s*i + 94 - 10 = 0. What is the tens digit of i?
2
Suppose -53*y + 54*y + 2270 = n, -2*y = n - 2282. What is the hundreds digit of n?
2
Let l(p) = -p**3 + 6*p**2 + 2*p - 7. Suppose 0 = -5*k - 3*i + 109, 0*k - 2*k + 4*i = -54. Suppose 15 = 5*u, k = 5*w + u - 10. What is the units digit of l(w)?
5
Let i(x) be the first derivative of -17*x**2/2 - 2*x - 9. What is the tens digit of i(-3)?
4
Let l be (-3 - -32)*6 + 3/1. Let i = 406 - l. What is the units digit of i?
9
Let l be (-7 + 4 - -4) + -3. Let h(v) = 37*v**2 - 2*v + 3. What is the units digit of h(l)?
5
Let p(m) = -124*m - 6. What is the units digit of p(-7)?
2
Let z = 68 - -366. What is the units digit of z?
4
Suppose 2*r + 4 = 4*r. Suppose r*x - 7*x = -280. What is the tens digit of x?
5
Suppose 3*j - 3*o = 5484, 16*j = 20*j + 4*o - 7328. What is the hundreds digit of j?
8
Let v = 5150 - 3441. What is the thousands digit of v?
1
Suppose -1180 = -4*h - 4*f, -4*h - 2*f - 4 = -1190. What is the hundreds digit of h/2 - (-12 + 9)?
1
Let z(x) = -x**3 + 3*x**2 - 1. Let u be z(2). Suppose -6*q + 5*j = -q - 130, 0 = -u*q - 4*j + 92. Let t = 48 - q. What is the units digit of t?
0
Let s(w) = -21*w - 1. Let n be s(1). What is the units digit of ((-6)/(-4))/(n/(-44))?
3
Suppose -17*n - 20 = -15*n. What is the tens digit of 21*2*(-5)/n?
2
Suppose 0 = l, -2*r = -l - 274 - 56. Suppose v - 3*p = -4*v + r, 5*p = -v + 61. What is the tens digit of v?
3
Suppose -9*m + 2096 = -2647. What is the hundreds digit of m?
5
Let w(z) = 5*z - 9. Let n be w(-4). Let f = -12 - n. Let g = f - 6. What is the tens digit of g?
1
What is the hundreds digit of -2*(-419)/(-4)*-2?
4
Let b be (-4)/26 + (-8932)/(-91). Suppose 4*x + b = -6. What is the units digit of (x - 2)/(-4)*5?
5
Let z = 63 - 143. Let d be (-32)/z - (-508)/5. Suppose -2*h + 4*h - d = -5*x, 0 = -x + 4. What is the tens digit of h?
4
Let a(w) = 11*w**2 - 5*w + 118. What is the units digit of a(10)?
8
Suppose -116 = -2*s + 2*t, 0 = -3*s + 4*t - 90 + 265. Let l = -12 - -17. Suppose -q + s = -l*b, -4 = -q - 3*b + 13. What is the tens digit of q?
3
Let l(f) = -f**2 + 4*f + 4. Let g be l(-3). Let j(o) = -o + 12. Let b be j(g). Suppose k - 9 = b. What is the tens digit of k?
3
Let t = 10451 + -6910. What is the units digit of t?
1
Let c(f) = f**3 - 12*f**2 - 9*f + 6. Suppose 5*w = -2*a + 20 + 49, 2*a + 35 = 3*w. What is the tens digit of c(w)?
5
Let a(z) = z**3 + 8*z**2 + 3*z - 3. Let p be 27 - 31 - (0 + 1)*3. What is the tens digit of a(p)?
2
Let j be (0 + (1 - 0))*(-60)/(-15). Suppose 3*u = 5*m - 27, 4*m - u - 5 - 11 = 0. Suppose 2*s - 24 = m*a, j*a - 23 = 4*s - 5*s. What is the units digit of s?
5
Suppose -66*x + 36815 = -63373. What is the hundreds digit of x?
5
Suppose 0 = -38*f + 93238 + 5600. What is the units digit of f?
1
Let x be (26/8)/((-7)/(-168)). Suppose -50 - x = -4*f. What is the tens digit of f?
3
Suppose 2*a - 4*n - 6 = -138, -a - 51 = n. Let j = 52 - a. Let p = 153 - j. What is the units digit of p?
5
Let n be (8/6)/((-16)/(-60)). What is the tens digit of 317/n + (-12)/30?
6
Suppose 14*j - 8166 = 7570. What is the units digit of j?
4
Let m = 5 + 2. Suppose -f + m = 2*k - 33, -5*k + 20 = 0. What is the units digit of f?
2
Let p = 364 + -611. Let f = p - -350. What is the tens digit of f?
0
Let b(n) = -n**3 - n**2 - 2*n - 5. Let s be 2/4 - 9/2. What is the tens digit of b(s)?
5
Suppose 0 = -2*q + 628 + 132. Suppose m + 3*m = q. What is the tens digit of m?
9
Let j = 1 - 4. Let n be (0/(-5))/(-1 - j). Suppose -4*d - 10 = 2, 4*c - 5*d - 63 = n. What is the tens digit of c?
1
Suppose 0 = -17*p + 13*p - 36. Let k(v) = -v**3 - 7*v**2 + 17*v - 5. What is the units digit of k(p)?
4
Suppose -3949 = -18*h + 15347. What is the units digit of h?
2
Suppose -12*x + 9 = -9*x. Suppose 3*a - 4*w = 3, 0*a + x*w = -2*a + 19. What is the units digit of a?
5
What is the hundreds digit of (-13510)/(-16) + (-12)/32?
8
Suppose -x - 1 = -4*b + 9, 3*x - b - 3 = 0. What is the tens digit of -2*x*(-148)/16?
3
Let m(g) = 10*g + 1. Suppose -4*h + 0*p + 18 = -p, -p + 10 = 3*h. What is the tens digit of m(h)?
4
Let o be ((-2)/9)/((-3)/27). Let v be 2/3 - o/3. Suppose 0 = -v*w + 6*w - 228. What is the tens digit of w?
3
Let b(c) = 3*c**3 - 57*c**2 + 26*c - 21. What is the units digit of b(19)?
3
Suppose 0 = -11*f + 5*f - 66. What is the units digit of (f - -6)/(4/(-108))?
5
Suppose 0 = 7*g - 20155 + 4972. What is the thousands digit of g?
2
Suppose -4*m + 476 + 556 = 0. Let r = m + -110. What is the units digit of r?
8
What is the tens digit of 20342/30 + 114/(-1710)?
7
Suppose 5*g = -12 + 57. Let p = g + -12. What is the units digit of p/(3/(-102)*3)?
4
What is the tens digit of 1992/5 - (-60)/(-150)?
9
What is the thousands digit of (27 + (2 - 3))*1260/24?
1
Let j(a) = -a + 14. Let w be j(13). Let t(d) = 22*d - 4. What is the units digit of t(w)?
8
Suppose -6*a + 414 = -3*a. Suppose a + 521 = 5*q - i, 0 = -2*i - 8. What is the hundreds digit of q?
1
Let l be ((-2)/(-1))/(7/(-14)). Let t(u) be the first derivative of -u**4/4 - 2*u**3/3 + 2*u**2 + 3*u + 2. What is the tens digit of t(l)?
1
Let o(l) = -4*l + 4. Let z be o(7). What is the tens digit of z/(-16)*(0 + 58)?
8
Let l(n) = 2*n - 4*n + 13*n**2 + n**3 - 17 + 9*n. What is the tens digit of l(-12)?
4
Suppose 0 = 2*f - 12 + 6. Suppose f + 10 = p. What is the tens digit of p?
1
What is the tens digit of (-3)/6*(-2352)/2?
8
Let n(s) = -8*s**3 + 2*s**2 + 21*s + 93. What is the tens digit of n(-4)?
5
Suppose -2*r + 61 = 2*l - 57, 0 = -5*l + 25. Suppose 168 + r = 6*x. What is the units digit of x?
7
Let c(o) = o**3 + 12*o**2 - 11*o - 3. What is the hundreds digit of c(-9)?
3
Suppose -5*x - o + 46 = 0, 3*x = -2*o + 21 + 8. Let b = -7 + x. Suppose -3*c = b*c - 210. What is the units digit of c?
2
Suppose -21 = u - 574. What is the units digit of u?
3
What is the tens digit of (1 - (-5)/(-3))/(4/(-1446))?
4
Let b = -414 + 1011. What is the tens digit of b?
9
Suppose -36*w = -40*w + 28. Suppose -124 - 191 = -w*x. What is the tens digit of x?
4
Suppose -4629 = 7*m - 12637. Suppose -12*p + m = -8*p. What is the tens digit of p?
8
Let y = 0 - -11. Suppose 3*w + 4*i + 1 = y, -4*w - 5*i = -13. Suppose -3*t = -w*t - 14. What is the tens digit of t?
1
Suppose -49*o = -o - 53280. What is the thousands digit of o?
1
Let t be ((-10)/(-6) - 2)*-12. Let q(a) = 4*a + 4*a**2 - t*a**2 + 4*a**2. What is the units digit of q(-3)?
4
What is the units digit of 1106 + (1 + -3)*-1?
8
Let a = -1110 - -2000. What is the hundreds digit of a?
8
Let z = -40 - -91. Let l = -34 + z. What is the units digit of l?
7
Let t(u) = 132*u + 713. What is the units digit of t(8)?
9
Suppose 0 = 3*j + 5*c + 6, 2*j - 3*j - 9 = 4*c. Suppose 2*f - j*f + 5 = 0. Suppose -2*n - 150 = -f*n. What is the tens digit of n?
5
Suppose -7506 = 14*r - 52362. What is the units digit of r?
4
Let c = 0 + 4. Let b be 6/(-3)*(-2)/c. What is the units digit of b*22/6*3?
1
Let q(h) = h**2 + 10*h - 11. Suppose -3*j - 34 + 175 = 0. Suppose -s + 41 = -3*c, s + j = -4*c + 4. What is the units digit of q(c)?
3
Let r(k) = 20*k**2 + 6*k + 14. What is the hundreds digit of r(-6)?
6
Let g = -46 - -48. Suppose -x = 3*k + 4*x - 229, g*k + 3*x = 154. What is the tens digit of k?
8
Suppose 3*k = 3*b - 1326, -7*b + 1759 = -3*b - k. What is the tens digit of b?
3
Let v = 603 + -619. Let p be (-191)/(-7) + 2/(-7). Let m = v + p. What is the units digit of m?
1
Suppose 0 = -12*i - 6*i - 216. What is the hundreds digit of (-498)/(((-7)/((-21)/i))/2)?
2
Suppose 64 = 4*j + 4. Suppose j = m + 4*z - 197, 2*m - 436 = -5*z. What is the tens digit of m?
2
Suppose -4*z = -4*l - 12084, 2626 + 3412 = 2*z - l. What is the tens digit of z?
1
Suppose -30*c + 126*c - 453120 = 0. What is the tens digit of c?
2
Suppose -61 = -v - 2*m, -1 - 7 = 4*m. What is the tens digit of v?
6
Let y be (4/(-4) - 1) + 10. Let w be ((-22)/y)/((-1)/4). What is the units digit of 2/w + (-502)/(-22)?
3
Let u(h) = -16 + 15 - 11*h - 13. What is the tens digit of u(-7)?
6
Let u(b) = 4*b**2 - 13*b + 37. What is the tens digit of u(6)?
0
Let x(z) = 5*z**2 - 17*z + 96. What is the thousands digit of x(16)?
1
Suppose -8*d + 6736 = 1040. What is the units digit of d?
2
Let x(n) = 49*n - 21. Let h be 